(-39)/9. Let u = 6 - v. What is the tens digit of u?
1
Let k be (1/2)/((-2)/8). Let b be -2*3/4*k. Suppose 2*s = 2*h - b - 7, 2*s = -2*h - 2. What is the units digit of h?
2
Let a = 158 - 110. What is the units digit of a?
8
Suppose 8*u = 11*u - 81. Suppose -60 = -2*w - 2*c, u + 31 = 2*w + c. Let g = 39 - w. What is the tens digit of g?
1
Let w(m) be the first derivative of -m**4/4 + 2*m**3 + m**2/2 - m + 1. Let j(y) = -3*y - 3. Let v be j(-3). What is the units digit of w(v)?
5
Let i = 2 + 0. Let w(c) = 14*c - 2. What is the tens digit of w(i)?
2
Let s be ((-8)/(-10))/(4/(-80)). Let a = s + 23. What is the units digit of a?
7
Suppose -225 + 31 = 2*a. Let h = 142 + a. What is the units digit of h?
5
Let y(z) = 0*z + z - 5*z - 10. Let v(b) = 3*b + 9. Let t(d) = 3*v(d) + 2*y(d). What is the units digit of t(-6)?
1
Let p be ((-1)/3)/((-2)/18). Suppose 3*s - 23 = 5*c, -7*c - 14 = -2*s - p*c. What is the units digit of s?
1
Suppose l + 4*j - 28 = j, 5*l - 80 = 5*j. What is the units digit of l?
9
Let l(z) = 2*z**2 - 2*z + 10. What is the units digit of l(6)?
0
Suppose -5*v + 2*v - 20 = -4*j, 0 = -5*v + 4*j - 28. Let k = 6 + v. Suppose 5*p + 30 = 5*g, p = g - k*p - 2. What is the units digit of g?
8
Let i(f) = -f**3 + 8*f**2 + 11*f - 13. Let h = -21 + 57. Suppose -z = -5*z + h. What is the units digit of i(z)?
5
Let s = 44 + -31. Suppose -s = -i + 3. What is the units digit of i?
6
Let w(m) = -2*m - 2. Let z be w(-2). Let r be 59/z*(-6)/(-3). Suppose -4*g = 11 - r. What is the tens digit of g?
1
Let i = -11 - -8. What is the units digit of (-3)/(i - 2*-1)?
3
Suppose 5*s + 5*d = 20, 3*d + 5 - 13 = s. Suppose 5*t - 41 = -3*w, -23 = -4*w + t + s. What is the units digit of w?
7
Let m(i) = -4*i - 11. Let s(r) = -6*r - 17. Let x(n) = 8*m(n) - 5*s(n). Let b be x(3). Let p = 12 + b. What is the units digit of p?
3
Let v = 3 + 0. Let f be (3 - v)/(-1 + 2). Suppose f*p = -2*p - g + 12, -3*p + 40 = -4*g. What is the units digit of p?
8
What is the tens digit of (-6)/(3 - 180/56)?
2
Let k(o) = o**2 - 3*o + 7. Let c be k(6). Suppose -2*f - 3*f + c = 0. Suppose 2*l - 3*z = 14, f*l + 0*l - z = 22. What is the units digit of l?
4
Suppose 2*z - 1 - 3 = 0. Suppose 0 = -z*n - 2*n + 40. What is the units digit of n?
0
Let a(q) be the third derivative of -q**4/24 + 2*q**3 + q**2. Let c be a(6). Suppose -1 = t - c. What is the units digit of t?
5
Let v(d) = -2*d**3 - 3*d**2 - d + 2. Let a be v(-2). Let i be (-22)/(-6) - (-1)/3. Suppose i + a = 3*c. What is the units digit of c?
4
Let j = 230 + -135. Suppose -6*v + 67 + j = 0. What is the tens digit of v?
2
Let b(y) = -y**2 - 8*y - 5. Suppose -3*j - 5*x + 5 = 0, 5*x = -4*j - 0*x. What is the tens digit of b(j)?
1
Let r be 12/(-30) - (-604)/10. Suppose -b + 3*b = r. What is the units digit of (b/9)/(2/6)?
0
Suppose -5*n + 4*j = -80, -2*n - 4*j + 81 = 21. What is the units digit of n?
0
Let s(h) = h + 4. What is the tens digit of s(17)?
2
Let r(i) = -i**3 - 7*i**2 - i - 5. Let k be r(-7). Suppose 5*l - 59 = 2*d, 3*l = k*l + 3*d + 17. What is the units digit of l?
1
Let i = 68 - 51. What is the tens digit of i?
1
Let p(l) = l**2 - 9*l - 2. Let x(f) = -f**2 + 9*f + 3. Let m(z) = 3*p(z) + 4*x(z). What is the units digit of m(8)?
4
Suppose 2*x - 24 = -2*x. What is the tens digit of 2/x - (-447)/9?
5
Suppose -6*f = -4*f. Let p(i) = f*i**3 + i**3 + 2*i - 2*i**3 + 2 - 2*i**2. What is the units digit of p(-3)?
5
Let m = 11 + -8. Let r be (-1 - m*-1) + -33. Let p = -21 - r. What is the units digit of p?
0
Suppose 2*b + 7 = -m + 54, 4*m = -b + 174. What is the tens digit of m?
4
Let g = 16 - 26. Let q = 23 + -5. Let m = q + g. What is the units digit of m?
8
Let x(i) = -i**2 + 6*i + 5. Let g be x(6). Suppose -8 = 3*c - 5*v, g*c = -3*v - v - 1. What is the units digit of ((c - 1) + 3)*1?
1
Suppose -q - 42 = -2*q. What is the units digit of 3/(-6*(-3)/q)?
7
Suppose -4*l - 464 = -4*u, -4*u + 432 = 4*l - 0*l. What is the units digit of u?
2
Let a(q) = -q**3 - 5*q**2 + 6*q + 4. Let x be a(-6). Suppose 7*w - x = 3*w. What is the units digit of w?
1
What is the units digit of (-131)/(-5) - (-8)/(-40)?
6
Let a(n) be the second derivative of -n**5/120 + n**4/6 - n**3/2 + 3*n. Let j(f) be the second derivative of a(f). What is the units digit of j(-3)?
7
Suppose 5 = 5*j - 5. Suppose j*w = 6*w - 28. What is the units digit of w?
7
Suppose -32 = -2*s + 4*w + 30, 0 = -w - 1. What is the units digit of s?
9
Let h(b) be the first derivative of b**3/3 - b**2 + 2*b + 4. What is the units digit of h(-6)?
0
Let f = 239 - 142. What is the units digit of f?
7
Suppose 0 = -4*j + 100 + 8. Let z be 17/3 + (-2)/3. Suppose z*q - 13 = j. What is the units digit of q?
8
Let h be (-2)/((-1)/(9/6)). Suppose h*c - 5*c = 46. Let d = -12 - c. What is the units digit of d?
1
Suppose -4*g - j = -10, 3*g - 14 = -7*j + 3*j. Suppose 0 = g*x + x - 6. Suppose -2*v + 41 = 5*y - 4*v, 2*v = -x*y + 8. What is the units digit of y?
7
Suppose -5*d - 233 = -5*p - 53, -2*d = -4*p + 140. Let w be (p/6)/(2/6). Suppose 4*y = 8*y - 4, 0 = 3*a + 5*y - w. What is the units digit of a?
4
Let h(c) = c**2 - 5*c + 6. What is the units digit of h(7)?
0
Suppose 4*h + 10 = 5*d - 4*d, -h - 3 = 0. What is the tens digit of 5/d*(-168)/30?
1
Let k = -35 + 61. Let b = k - 18. Suppose 25 = b*w - 3*w. What is the units digit of w?
5
Let c be 1/(-3) + (-3)/(-9). Let d(k) = -k + 3. What is the units digit of d(c)?
3
Let j(s) be the first derivative of -3*s**2/2 - 6*s - 1. What is the units digit of j(-6)?
2
Let v be 36*((-9)/(-6) + -1). Let s be 151/4 - (-1)/4. What is the units digit of (-1)/(2 - s/v)?
9
Suppose -5*d + 2*g = -156, g - 117 = -5*d + d. What is the units digit of d?
0
Suppose 53 = 2*m - 103. What is the units digit of m?
8
Let f be 3/(-3) - (0 + -4). Suppose -f*u + 2 = -u. What is the units digit of u?
1
Let u(d) = d**2 + 106. Let f be u(0). Suppose -f = -5*n - 4*l, -n - 3*n - 3*l = -84. What is the units digit of n?
8
Let z = -17 + 51. What is the units digit of z?
4
Suppose -2*o + 44 = 2*r, 0 = r - 1 - 4. Let p(w) = 6*w**2 - 1. Let x be p(1). Suppose x*b + 7 = o. What is the units digit of b?
2
Let z = 337 + -146. What is the units digit of z?
1
Let m(h) = -h**2 - 9*h - 5. Let f be m(-7). Let l = 8 - f. Let w = 18 + l. What is the units digit of w?
7
Let r(d) = d**2. Let k be r(0). Suppose -220 = -5*f + 2*m + 3*m, k = 4*f + m - 181. What is the units digit of f?
5
Suppose -3*k + 9 = -2*k + t, -3*t = -4*k + 29. Let a(f) = -2*f**2 - 2*f + 6. Let b be a(k). What is the units digit of 5/25 + b/(-10)?
4
Let v be -9 + 7/((-7)/(-4)). Let b(c) = -c**2 - 5*c + 3. What is the units digit of b(v)?
3
Suppose 25 = 6*f - f. Suppose d = 4 + f. What is the units digit of d?
9
Let o be 2*(-8)/(-2) + 0. Suppose 4*u = 2*w + o, 4 + 4 = 4*u. Suppose w = h - 0 - 3. What is the units digit of h?
3
Let d(a) = 61*a - 5. Let l be d(3). Suppose 5*s + 4*y - 255 = -0*s, 4*s = 2*y + l. What is the tens digit of s?
4
Suppose 5*b - 366 = -z, 0 = 3*z - 2*z - 2*b - 345. What is the units digit of z?
1
Let b be (-46)/(-12) - 9/(-54). Suppose -b*c - 45 = -5*k, 2*c = -3*k + 2 + 3. What is the units digit of k?
5
What is the tens digit of (-3 - -3)/(4 + -2) + 25?
2
Let h = -174 - -243. What is the tens digit of h?
6
Let p = -20 - -14. What is the units digit of (-4)/p - 14/(-6)?
3
Suppose d + m - 5 = -1, 0 = 2*d + 5*m - 17. Let c(t) = t**3 + 0*t**3 - t**2 + 4*t - 2*t - t. What is the units digit of c(d)?
1
Let n be (-2)/(2 - 51/27). What is the tens digit of (-752)/n + 6/27?
4
Let o(c) = c - 1. Let k(l) = -5*l + 6. Let r be 2/(-6)*(1 - -2). Let j(d) = r*k(d) - 4*o(d). What is the units digit of j(4)?
2
Let u(r) = r**3 + 12*r**2 + 9*r - 11. Let c(m) = 10*m**3 - m**2 + m + 1. Let a be c(-1). What is the tens digit of u(a)?
1
Let m(y) be the first derivative of -y**4/4 + y**3/3 + y**2 + 50*y + 5. What is the tens digit of m(0)?
5
Let g = 157 + -122. What is the tens digit of g?
3
Let s be 75*(4/3 + -1). Let m = 42 - s. What is the tens digit of m?
1
Suppose 0 = 9*d - 2*d - 168. What is the units digit of d?
4
Let h(c) be the second derivative of c**4/12 + 5*c**3/6 - 3*c**2 + c. Let b be h(-6). Suppose -6 = -4*p + g + 29, b = 4*g - 20. What is the units digit of p?
0
Let k = 33 - 32. What is the units digit of k?
1
What 